(3). Suppose 0 = d - 4*r - h, -r = r. Let k = d + -27. What is the units digit of k?
5
Suppose 3*s - k - 15 = 0, -s = 2*k + 3 - 1. Let u(m) = -2*m + 11*m**2 + 2 - m**3 + 0*m - 4*m**2. What is the tens digit of u(s)?
4
Let p = 699 - 285. Suppose -4*j + j + p = 0. What is the hundreds digit of j?
1
Suppose 3*n = 2*x, 2*n - 3*x = 2*x. Suppose n = -r - m + 9, 0 = -0*r + 5*r - 3*m - 5. Suppose r*o - 90 = -10. What is the units digit of o?
0
Let d = -440 - -753. What is the tens digit of d?
1
Let o(x) = 2*x**2 + 35*x - 51. What is the tens digit of o(-30)?
9
Suppose -i = -6*i + 20. Suppose 109 + 47 = 4*g + i*s, 0 = g + 4*s - 30. What is the units digit of ((-10)/(-15))/(4/g)?
7
Let c = 9 + -2. Suppose c*t - 159 = 4*t. Suppose -r + t = -2*k, 4*r - 2*k + 18 = 230. What is the units digit of r?
3
Let m = 58 + -39. Let l = -19 + m. Suppose l = -4*d - 3*r - r + 160, -4*d + 2*r + 184 = 0. What is the units digit of d?
4
Suppose 0*r + 154 = 14*r. Suppose -4*j + 488 = 5*d, -r*j = -12*j - 4*d + 111. What is the hundreds digit of j?
1
Let i = 18 + -13. Suppose i*f - 138 = -5*n + 4*n, 0 = -5*f + 5*n + 150. Let c = 37 - f. What is the units digit of c?
9
Let q = 201 + -102. Let s = -56 + q. What is the tens digit of s?
4
Suppose r - 4 = 2. Suppose 0 = r*d - 11*d + 15. Suppose -5*n - 26 = -1, -c = -d*n - 33. What is the units digit of c?
8
Let y be (0 + 1)*1 - -4. Suppose -y*u = -5*v - 105, 0*v = 5*u - 4*v - 109. What is the tens digit of u?
2
Let h(z) be the first derivative of -63*z**2/2 - 7*z + 11. What is the hundreds digit of h(-3)?
1
Suppose -616 = -3*y - 4*u, -2*u + 7*u = -4*y + 822. What is the units digit of y?
8
Let s(b) = 2*b**2 - 7*b - 22. Let g be s(7). Suppose -g*d + 316 = -26*d. What is the tens digit of d?
1
Let s = 1362 + -611. What is the units digit of s?
1
Let a be 1 + -3 + -3 + 7. Suppose 2*x = -a*c + 150 + 270, -3*x = -4*c + 868. What is the units digit of c?
4
What is the tens digit of 683 + (-2)/(10/(-15))?
8
Let g be (3 - (-24)/(-6))*(1 - 10). What is the units digit of (42/g - 4)*24?
6
Let o(u) = -4*u - 14. Let p be o(-4). Suppose p*y - 6*y = -236. What is the tens digit of y?
5
Let v(m) = m**3 + m**2 - m + 2. Let u be v(-2). Suppose u = 2*o + 4*p + 172, 4*o + 399 = -2*p + 5*p. Let j = o - -150. What is the units digit of j?
4
Suppose -3*h + 26 = 2. Let i = 10 - h. Suppose -4*u + i*u + 3*d + 17 = 0, 0 = 4*u - d - 49. What is the units digit of u?
3
Let w(o) = -2*o - 19 - 4*o**2 + 21 - 2*o**3 + 2*o**2. What is the units digit of w(-4)?
6
Suppose 2*d - 6 = 66. Let j = -58 + d. Let m = j + 35. What is the units digit of m?
3
Suppose -4*r = 97*r - 115746. What is the hundreds digit of r?
1
Let g(y) = -y**2 + 4*y + 3. Let b be g(4). Suppose o - 4*c = 7, 3*c = b*o + 8*c - 21. What is the units digit of o?
7
Suppose 0 = 3*a - 954 - 831. What is the hundreds digit of a?
5
Let i be -2 - 2*(1 - 65). Suppose -i - 54 = -5*m. Suppose -2*a - m = -4*o, -3*o - 2*a + 10 = -3. What is the units digit of o?
7
Let z(h) = 3*h + 4. Let c be z(-1). What is the tens digit of 71/(c - 0/3)?
7
Let d = -19 + 22. Suppose 0 = -3*q + 15, -8*q + 3*q = -d*m - 22. What is the tens digit of 1 - 1 - (-17 + m)?
1
Suppose -2*h = 5*p - 18, -2*p - 22 = -5*p - 4*h. Let u be (-2 - -1)*p - 1. What is the tens digit of 1*(u - -2)*-73?
7
Let w(h) be the third derivative of h**5/60 - h**4/24 + h**3/6 + 2*h**2. Let o(i) = 7*i**2 - 9*i + 1. Let s(p) = o(p) - 5*w(p). What is the tens digit of s(4)?
1
Suppose 17*h - 221 = 78455. What is the units digit of h?
8
Suppose 3*o + 19 = 2*p, -3*p + 0*o + 11 = -o. Suppose 5*j + 3 + p = 0. What is the units digit of (-245)/(-30) + j/6?
8
Let g = -43 + 282. What is the units digit of g?
9
Let g = -76 + 81. Suppose -3*u + 4*n + 375 = 0, -g*n - 331 = -4*u + 170. What is the hundreds digit of u?
1
Suppose 5*g + 2*d = 6*g - 839, -4*g - 5*d + 3421 = 0. What is the hundreds digit of g?
8
Let r = -37 - -250. What is the hundreds digit of r?
2
Let u(i) = 14 - 2*i - 36*i**2 + 4*i + 37*i**2. What is the tens digit of u(-8)?
6
Suppose 4*s + s + 120 = 0. Let x be 18/(-8)*17/((-204)/(-32)). What is the tens digit of ((-34)/x)/((-4)/s)?
3
Suppose -2 = f - 3*s + 5, 5*f = s + 7. Suppose -3*n = -f*n - 5*a - 184, -4*n = 3*a - 828. What is the hundreds digit of n?
2
Let y(i) = 3*i**2 - 16*i + 6. Let g(p) = 4*p**2 + 4*p - 2. Let f be g(-2). What is the tens digit of y(f)?
1
Suppose 2*a - 4*z - 2434 = 0, 63*z - 65*z = -5*a + 6117. What is the hundreds digit of a?
2
Let d be (-2)/8 + (-85)/(-20). Suppose d*z - 60 = -4. What is the units digit of 35/z*2*3?
5
Suppose -s + 826 = -z + 31, 3*z = -s + 787. What is the units digit of s?
3
Let h(f) = f**3 + 14*f**2 - 4*f - 31. Let z be (-2)/1*(-9)/((-54)/42). What is the tens digit of h(z)?
2
Suppose 24*f - 30*f - 12 = 0. Let b(t) = t**2 - t + 1. Let w(k) = -12*k**2 + 4*k - 2. Let v(u) = -2*b(u) - w(u). What is the units digit of v(f)?
4
Let k = -10 + 14. Suppose -k*y + 70 = -2*y. What is the units digit of y + 2 + -2 + 3?
8
Let v be (-22)/5 - 10/(-25). Let j(q) = -36*q + 5. Let r(i) = -18*i + 3. Let w(z) = v*j(z) + 7*r(z). What is the units digit of w(1)?
9
Let t = -68 + 132. What is the units digit of t?
4
Suppose 0 = -j - 3*j - 2*x + 32, -44 = -4*j - 5*x. Suppose -2*f - 30 = -s, 0 = 5*f + 19 + j. What is the tens digit of s?
2
Suppose 2*n = -3*n - 605. Let r be -2*(n/2 + 2). What is the tens digit of (-16)/(-24)*r/2?
3
Let q = -639 - -911. What is the units digit of q?
2
Let c = 997 - 610. Suppose 0 = 2*q - 13 - c. What is the tens digit of q?
0
Let b = -859 - -1265. What is the hundreds digit of b?
4
Suppose a = -5*d - 0*a + 19, 0 = d - a - 5. What is the units digit of 2 - (-32 - (5 - d))?
5
Let x(n) = -n**3 + n**2 - n - 3. Let y be x(-3). Let g = y + -25. Let m = -4 + g. What is the units digit of m?
7
Suppose -4*v = 5*w - 0*w - 1665, -3*v + 1210 = -4*w. What is the hundreds digit of v?
4
Suppose -9*t + 3053 = 776. What is the units digit of t?
3
Suppose 14*n - 22335 = -n. What is the units digit of n?
9
Suppose d = 5*h - 5, 5*d - h + 25 = -2*h. What is the tens digit of (114/d)/(10/(-25))?
5
Suppose 5*q + 5*d = -349 - 441, -q - 2*d - 158 = 0. Let y = q + 272. Suppose 4*a - 5*v - 186 - 27 = 0, 0 = -2*a + 4*v + y. What is the units digit of a?
7
Let u(q) be the first derivative of -q**3/3 + 3*q**2/2 + 3*q + 1. Let y be u(-2). Let k = y - -15. What is the units digit of k?
8
Let l be (1 - ((-201)/(-9))/(-1))*3. Suppose 24*n + l = 34*n. What is the units digit of n?
7
Suppose 40 = f + 175. Let c = -80 - f. What is the units digit of c?
5
Suppose r - 717 = 1415. What is the units digit of r?
2
Suppose 2*h - q = -10 + 308, -h + 151 = -q. What is the units digit of h?
7
Let b(x) = -x**3 + 3*x**2 + 5*x - 4. Let u be b(5). Let j = 72 - u. What is the tens digit of j?
0
Let a = -5 - -9. Let u be 1 + (6 - (5 - 2)). Suppose u*j - d = 70 + 46, -a*d = j - 46. What is the units digit of j?
0
Suppose 0 = -m - m - 10. Let l(r) = -r**3 - 4*r**2 + 5*r - 4. Let y be l(m). What is the tens digit of 55/20*(0 - y)?
1
Suppose 0 = -2*k - 31 + 103. Suppose -k = -r + 13. What is the tens digit of r?
4
Suppose -4*r + 9 = -3*r. Suppose -u = 4 + r. Let l(y) = y**2 + 12*y + 18. What is the units digit of l(u)?
1
Suppose n - 6373 = -2*g, -4*g = -5*g + 2*n + 3194. What is the tens digit of g?
8
Let k = 4 + 8. Let c(b) = -b**2 + 14*b - 1. What is the tens digit of c(k)?
2
Suppose -4*b + 3*b + 3 = 0. Suppose 0 = f - 2*v + v + 2, -30 = 3*f + b*v. Let j(h) = -7*h - 2. What is the tens digit of j(f)?
4
Let q = -12 + 14. Suppose u - 2*a - 78 = 0, -q*u - a + 262 = u. Let o = u - 51. What is the tens digit of o?
3
Suppose 4*w - 111 = 3*x, -5*w - 5*x + 95 = -0*w. Suppose -5*f = -f - w. Suppose f*i - 166 = 278. What is the tens digit of i?
7
Let v(g) = g**2 - 4*g - 8. Let o be v(6). Suppose 4*u = 3*u + o. Suppose 4*c = -u*f + 36, -2*c - 3*c = -2*f - 10. What is the units digit of f?
5
Let g = -957 + 1620. What is the units digit of g?
3
Let h = -661 - -1288. Suppose a = 3*j - h, -j = j + 3*a - 407. What is the hundreds digit of j?
2
Let n(z) = 2*z**2 + 3*z + 57. What is the hundreds digit of n(30)?
9
Let h(k) = 10*k + 83 - 74 - 49 - 42*k. What is the tens digit of h(-7)?
8
Suppose 3*i - 1437 = -7*o + 4*o, 2395 = 5*o - 4*i. What is the hundreds digit of o?
